s of 1088066?
2, 7, 77719
What are the prime factors of 116600?
2, 5, 11, 53
What are the prime factors of 1245119?
79, 15761
What are the prime factors of 1317147?
3, 13, 33773
List the prime factors of 9912462.
2, 3, 7, 17, 13883
What are the prime factors of 223005?
3, 5, 14867
List the prime factors of 1001449.
67, 14947
What are the prime factors of 4815756?
2, 3, 11, 12161
What are the prime factors of 22672762?
2, 7, 593, 2731
What are the prime factors of 25717635?
3, 5, 29, 6569
What are the prime factors of 5536613?
5536613
What are the prime factors of 191595?
3, 5, 53, 241
List the prime factors of 11531655.
3, 5, 109, 2351
List the prime factors of 273647.
11, 24877
List the prime factors of 5904453.
3, 233, 8447
What are the prime factors of 3572416?
2, 55819
What are the prime factors of 186679?
186679
List the prime factors of 24642234.
2, 3, 1369013
List the prime factors of 18053320.
2, 5, 17, 139, 191
List the prime factors of 3810269.
3810269
List the prime factors of 389136.
2, 3, 11, 67
List the prime factors of 353690.
2, 5, 113, 313
What are the prime factors of 1440061?
7, 29389
What are the prime factors of 1606113?
3, 23, 7759
What are the prime factors of 2661677?
151, 17627
What are the prime factors of 39678?
2, 3, 17, 389
What are the prime factors of 1811589?
3, 13, 46451
What are the prime factors of 14936020?
2, 5, 11, 67891
What are the prime factors of 411119?
411119
What are the prime factors of 217724?
2, 13, 53, 79
What are the prime factors of 411294?
2, 3, 13, 5273
List the prime factors of 5955174.
2, 3, 110281
List the prime factors of 220789.
220789
List the prime factors of 11583454.
2, 79, 167, 439
List the prime factors of 38281.
38281
List the prime factors of 18150434.
2, 19, 67, 7129
List the prime factors of 21599453.
37, 583769
List the prime factors of 10910400.
2, 3, 5, 2273
What are the prime factors of 905266?
2, 452633
What are the prime factors of 2215731?
3, 7, 15073
What are the prime factors of 5093328?
2, 3, 29, 3659
List the prime factors of 1124036.
2, 97, 2897
List the prime factors of 290609.
11, 29, 911
List the prime factors of 2261419.
31, 72949
List the prime factors of 27913114.
2, 13956557
List the prime factors of 6159502.
2, 3079751
What are the prime factors of 8961648?
2, 3, 186701
What are the prime factors of 715935?
3, 5, 11, 4339
List the prime factors of 9631065.
3, 5, 642071
What are the prime factors of 11606?
2, 7, 829
What are the prime factors of 790176?
2, 3, 8231
List the prime factors of 623328.
2, 3, 43, 151
What are the prime factors of 1910647?
17, 167, 673
List the prime factors of 1023260.
2, 5, 7, 7309
What are the prime factors of 2129650?
2, 5, 191, 223
What are the prime factors of 223171?
13, 17167
List the prime factors of 3185997.
3, 977, 1087
What are the prime factors of 1260660?
2, 3, 5, 21011
List the prime factors of 43968.
2, 3, 229
What are the prime factors of 1991374?
2, 7, 11, 67, 193
List the prime factors of 366746.
2, 183373
What are the prime factors of 82209?
3, 67, 409
List the prime factors of 1850099.
239, 7741
List the prime factors of 2634469.
149, 17681
List the prime factors of 502091.
61, 8231
What are the prime factors of 344887?
344887
What are the prime factors of 13220?
2, 5, 661
List the prime factors of 1202404.
2, 7, 42943
What are the prime factors of 1774694?
2, 859, 1033
List the prime factors of 33590551.
163, 206077
List the prime factors of 105439.
97, 1087
What are the prime factors of 2022920?
2, 5, 103, 491
List the prime factors of 1381462.
2, 311, 2221
What are the prime factors of 545931?
3, 60659
What are the prime factors of 307542?
2, 3, 51257
List the prime factors of 526429.
526429
List the prime factors of 150603.
3, 17, 2953
List the prime factors of 42614.
2, 11, 13, 149
List the prime factors of 2319923.
263, 8821
What are the prime factors of 745011?
3, 41, 673
List the prime factors of 561554.
2, 7, 40111
What are the prime factors of 142212?
2, 3, 7, 1693
List the prime factors of 745592.
2, 93199
List the prime factors of 33747276.
2, 3, 503, 5591
List the prime factors of 264699.
3, 29411
List the prime factors of 6506084.
2, 13, 125117
What are the prime factors of 3214304?
2, 100447
List the prime factors of 329044.
2, 82261
List the prime factors of 16735224.
2, 3, 11, 63391
List the prime factors of 333953.
53, 6301
What are the prime factors of 5025533?
5025533
What are the prime factors of 20746843?
13, 31, 51481
What are the prime factors of 3084561?
3, 113, 337
What are the prime factors of 23748818?
2, 47, 467, 541
What are the prime factors of 138135?
3, 5, 9209
List the prime factors of 3052570.
2, 5, 31, 43, 229
What are the prime factors of 848340?
2, 3, 5, 1571
What are the prime factors of 3003875?
5, 7, 3433
List the prime factors of 229676.
2, 67, 857
What are the prime factors of 12329801?
11, 241, 4651
What are the prime factors of 22042264?
2, 79, 34877
List the prime factors of 178359.
3, 59453
List the prime factors of 5450837.
7, 73, 10667
List the prime factors of 795137.
7, 113591
List the prime factors of 1271822.
2, 19, 33469
List the prime factors of 4778281.
149, 32069
What are the prime factors of 2722585?
5, 544517
What are the prime factors of 1453467?
3, 484489
List the prime factors of 6972488.
2, 163, 5347
What are the prime factors of 104540?
2, 5, 5227
What are the prime factors of 23705273?
157, 150989
List the prime factors of 15753954.
2, 3, 439, 5981
What are the prime factors of 4078709?
4078709
List the prime factors of 18315105.
3, 5, 257, 4751
What are the prime factors of 3094080?
2, 3, 5, 11, 293
What are the prime factors of 1369546?
2, 684773
What are the prime factors of 3830025?
3, 5, 223, 229
List the prime factors of 1388032.
2, 2711
What are the prime factors of 411575?
5, 101, 163
List the prime factors of 1710858.
2, 3, 313, 911
What are the prime factors of 2668708?
2, 7, 95311
What are the prime factors of 172697?
7, 24671
What are the prime factors of 17921629?
11, 67, 24317
List the prime factors of 20136881.
2389, 8429
What are the prime factors of 5372912?
2, 335807
List the prime factors of 895353.
3, 298451
List the prime factors of 232390.
2, 5, 17, 1367
What are the prime factors of 970943?
970943
List the prime factors of 6742490.
2, 5, 674249
What are the prime factors of 47135?
5, 11, 857
What are the prime factors of 344935?
5, 149, 463
What are the prime factors of 478896?
2, 3, 11, 907
What are the prime factors of 111687?
3, 59, 631
What are the prime factors of 34068245?
5, 6813649
List the prime factors of 173449.
29, 5981
What are the prime factors of 776078?
2, 173, 2243
List the prime factors of 15240438.
2, 3, 41, 107, 193
What are the prime factors of 1759041?
3, 17, 11497
List the prime factors of 525823.
191, 2753
What are the prime factors of 11413?
101, 113
What are the prime factors of 18996988?
2, 23, 206489
What are the prime factors of 820200?
2, 3, 5, 1367
What are the prime factors of 3306566?
2, 61, 27103
What are the prime factors of 852593?
7, 31, 3929
List the prime factors of 211429.
17, 12437
What are the prime factors of 525617?
353, 1489
What are the prime factors of 253962?
2, 3, 4703
List the prime factors of 153624.
2, 3, 37, 173
List the prime factors of 1442542.
2, 139, 5189
What are the prime factors of 58800?
2, 3, 5, 7
What are the prime factors of 242671?
11, 13, 1697
List the prime factors of 24342544.
2, 883, 1723
What are the prime factors of 18848175?
3, 5, 47, 5347
List the prime factors of 203516.
2, 83, 613
What are the prime factors of 24281058?
2, 3, 109, 137, 271
List the prime factors of 4263773.
4263773
List the prime factors of 62956.
2, 15739
List the prime factors of 6297874.
2, 11, 83, 3449
List the prime factors of 339202.
2, 31, 5471
List the prime factors of 106918.
2, 7, 1091
List the prime factors of 93247.
7, 11, 173
What are the prime factors of 344326?
2, 107, 1609
List the prime factors of 14556419.
73, 199403
List the prime factors of 5475372.
2, 3, 7, 65183
List the prime factors of 1952961.
3, 650987
What are the prime factors of 11068352?
2, 163, 1061
What are the prime factors of 27762370?
2, 5, 97, 28621
What are the prime factors of 156263?
307, 50